 by 15173?
13
What is the remainder when 111478663 is divided by 28?
23
Calculate the remainder when 222495 is divided by 74080.
255
Calculate the remainder when 21683197 is divided by 56.
53
Calculate the remainder when 818242 is divided by 4471.
49
Calculate the remainder when 7218168 is divided by 182.
48
What is the remainder when 42824 is divided by 3559?
116
Calculate the remainder when 675171 is divided by 630.
441
Calculate the remainder when 212330 is divided by 35105.
1700
What is the remainder when 52558 is divided by 4761?
187
Calculate the remainder when 2824378 is divided by 121.
117
Calculate the remainder when 463990 is divided by 1045.
10
Calculate the remainder when 210100 is divided by 208318.
1782
What is the remainder when 1909652 is divided by 177?
176
Calculate the remainder when 516852 is divided by 24612.
0
Calculate the remainder when 20112256 is divided by 72.
64
Calculate the remainder when 144751196 is divided by 480.
476
What is the remainder when 3484932 is divided by 14829?
117
What is the remainder when 8995 is divided by 687?
64
Calculate the remainder when 3228398 is divided by 1614108.
182
What is the remainder when 52991 is divided by 295?
186
What is the remainder when 12703 is divided by 12620?
83
What is the remainder when 93605509 is divided by 5?
4
What is the remainder when 25456 is divided by 1296?
832
Calculate the remainder when 207163018 is divided by 107.
104
Calculate the remainder when 11574347 is divided by 5646.
47
What is the remainder when 1047465 is divided by 261500?
1465
Calculate the remainder when 3125970 is divided by 1490.
1440
Calculate the remainder when 233677 is divided by 33187.
1368
Calculate the remainder when 578088 is divided by 61.
52
What is the remainder when 34450683 is divided by 1201?
1199
Calculate the remainder when 291365767 is divided by 61.
60
What is the remainder when 4862293 is divided by 390?
163
What is the remainder when 1990180602 is divided by 35?
32
Calculate the remainder when 32389823 is divided by 118211.
9
Calculate the remainder when 477743129 is divided by 54.
53
Calculate the remainder when 39846 is divided by 39832.
14
Calculate the remainder when 1948228 is divided by 649392.
52
What is the remainder when 8795648 is divided by 294?
50
What is the remainder when 2226 is divided by 1905?
321
Calculate the remainder when 581667 is divided by 193803.
258
What is the remainder when 31640997 is divided by 410922?
3
Calculate the remainder when 2683749 is divided by 364.
341
Calculate the remainder when 549300 is divided by 274582.
136
What is the remainder when 764968 is divided by 23?
11
Calculate the remainder when 1508231 is divided by 161.
144
What is the remainder when 6975553 is divided by 168?
25
Calculate the remainder when 760729 is divided by 676.
229
What is the remainder when 64890473 is divided by 325?
323
What is the remainder when 48605 is divided by 44757?
3848
Calculate the remainder when 137362 is divided by 68467.
428
What is the remainder when 10622425 is divided by 18?
13
What is the remainder when 32095 is divided by 2279?
189
Calculate the remainder when 155760121 is divided by 64.
57
Calculate the remainder when 30656374 is divided by 140.
14
Calculate the remainder when 2159449 is divided by 723.
571
Calculate the remainder when 210189 is divided by 52395.
609
Calculate the remainder when 324322 is divided by 1880.
962
Calculate the remainder when 1626576 is divided by 242.
94
Calculate the remainder when 36722555 is divided by 18361273.
9
Calculate the remainder when 40317 is divided by 7955.
542
What is the remainder when 26723654 is divided by 6?
2
What is the remainder when 13755053 is divided by 6877523?
7
What is the remainder when 18054737 is divided by 234?
233
What is the remainder when 891974 is divided by 360?
254
What is the remainder when 21095 is divided by 729?
683
Calculate the remainder when 9139509 is divided by 8908.
8809
What is the remainder when 1527441 is divided by 218205?
6
What is the remainder when 151970 is divided by 6078?
20
What is the remainder when 11913290 is divided by 2978316?
26
What is the remainder when 107090508 is divided by 26772627?
0
Calculate the remainder when 55352 is divided by 751.
529
Calculate the remainder when 121080 is divided by 2246.
2042
Calculate the remainder when 65163 is divided by 306.
291
Calculate the remainder when 8821333 is divided by 928.
693
Calculate the remainder when 94450212 is divided by 299.
298
Calculate the remainder when 473581 is divided by 85.
46
Calculate the remainder when 3831543 is divided by 957811.
299
Calculate the remainder when 3315242 is divided by 9083.
9030
Calculate the remainder when 58277884 is divided by 17.
14
Calculate the remainder when 17018111 is divided by 16.
15
Calculate the remainder when 3646630 is divided by 12151.
1330
What is the remainder when 83361652 is divided by 149931?
16
Calculate the remainder when 208009 is divided by 8228.
2309
Calculate the remainder when 102903 is divided by 3117.
42
Calculate the remainder when 312529 is divided by 155829.
871
What is the remainder when 27259111 is divided by 2183?
2173
What is the remainder when 24539717 is divided by 2363?
2325
Calculate the remainder when 17502078 is divided by 29.
27
Calculate the remainder when 50513 is divided by 777.
8
What is the remainder when 7672317 is divided by 553?
548
What is the remainder when 24780578 is divided by 4130092?
26
Calculate the remainder when 5796467 is divided by 387.
368
Calculate the remainder when 460925 is divided by 1752.
149
Calculate the remainder when 87217 is divided by 80.
17
Calculate the remainder when 564046 is divided by 4744.
4254
Calculate the remainder when 86550892 is divided by 2.
0
Calculate the remainder when 13071023 is divided by 335153.
56
Calculate the remainder when 3687113 is divided by 16387.
38
What is the remainder when 1859037 is divided by 619674?
15
What is the remainder when 1293151 is divided by 434?
265
Calculate the remainder when 18448 is divided by 3342.
1738
Calculate the remainder when 103095018 is divided by 1195.
1173
What is the remainder when 2262327 is divided by 3274?
3267
What is the remainder when 3971237 is divided by 1027?
855
What is the remainder when 1230017 is divided by 15?
2
Calculate the remainder when 77918218 is divided by 657.
646
Calculate the remainder when 520065 is divided by 6583.
8
What is the remainder when 1792883 is divided by 597615?
38
What is the remainder when 178600172 is divided by 44?
36
What is the remainder when 1439951 is divided by 479815?
506
Calculate the remainder when 11615 is divided by 188.
147
Calculate the remainder when 580652 is divided by 165.
17
What is the remainder when 1809479 is divided by 1809441?
38
What is the remainder when 1652718 is divided by 206?
186
What is the remainder when 1504183 is divided by 595?
23
What is the remainder when 33080944 is divided by 4823?
4810
Calculate the remainder when 18098794 is divided by 1212.
1210
What is the remainder when 204160 is divided by 2219?
12
Calculate the remainder when 17603543 is divided by 1763.
1751
Calculate the remainder when 3462611 is divided by 17313.
11
What is the remainder when 677644 is divided by 84703?
20
What is the remainder when 524213 is divided by 737?
206
What is the remainder when 216145 is divided by 164?
157
Calculate the remainder when 1144581 is divided by 5634.
879
What is the remainder when 55060 is divided by 3159?
1357
What is the remainder when 49138 is divided by 476?
110
Calculate the remainder when 1302871619 is divided by 43.
42
Calculate the remainder when 3507248 is divided by 1942.
1938
Calculate the remainder when 195356495 is divided by 760142.
1
Calculate the remainder when 12853 is divided by 3580.
2113
What is the remainder when 700799 is divided by 16?
15
What is the remainder when 239882418 is divided by 11?
6
What is the remainder when 83450 is divided by 1735?
170
What is the remainder when 39022 is divided by 19377?
268
What is the remainder when 7854391 is divided by 30?
1
What is the remainder when 4571569 is divided by 92?
89
Calculate the remainder when 26257704 is divided by 138.
30
What is the remainder when 891411 is divide